-8) + 54/b. What is the greatest common factor of w and 39?
3
Let h = 9825 - 9617. Calculate the greatest common divisor of h and 1222.
26
Let i(n) = n**3 - 32*n**2 + 8*n + 6. Let l be i(32). Suppose x + 3*x = -z + l, z + 5*x - 260 = 0. Calculate the greatest common factor of z and 10.
10
Suppose -572877 = -44*m + 384959. What is the highest common divisor of m and 11?
11
Let h(c) = c**3 - 196*c. Let q be h(14). Suppose 15*g = -q*g + 120. What is the highest common factor of g and 376?
8
Let f(n) = -10*n + 51. Let o be f(4). Let c(g) = -23 - 5*g - 7 + 23*g. Let a be c(o). Calculate the highest common factor of a and 24.
24
Suppose 21*c = 2152 + 5765. Let y be c/39 + 4/(-6). Calculate the greatest common factor of y and 9.
9
Let m = 4545 + -4455. What is the highest common divisor of m and 4770?
90
Suppose y - 5*k = -3*k + 1184, 4*y = -k + 4727. Suppose 0 = -7*f + y - 97. Calculate the greatest common factor of f and 93.
31
Suppose -2*p + 547 = 2*x + 13, 0 = 3*x + 2*p - 800. Let a be 55936/x - 1/7*2. Suppose -a = -8*j + 238. Calculate the highest common divisor of j and 84.
28
Suppose -238 = -2*b - 4*x, -3*b = -0*b + 2*x - 345. Let h = b + -63. Let q = 3019 + -2894. Calculate the highest common factor of q and h.
25
Suppose -5*b - 1050 = 8*h - 9*h, -h + 1050 = -2*b. What is the greatest common factor of h and 60?
30
Let h = 21 - -45. Let w be (-1 + 0 - -8) + -135 + 133. Let t be (-3)/(-1*w/10). What is the greatest common factor of h and t?
6
Let c(v) = v**2 - 11*v - 13. Let j be ((-4)/10)/(1/(-30)). Let r be c(j). Let m be -1 - 1 - (r + -141). What is the highest common divisor of m and 14?
14
Let t(v) = 466*v**2 - 3*v + 1. Let a be t(1). Suppose -13*z + a = -9*z. Let i = z + -90. What is the greatest common factor of i and 208?
26
Let p(a) = -3 - 4*a - 2*a**2 - 15*a**3 + 3 - 13*a**3. Let s be p(-2). Calculate the greatest common factor of s and 32.
32
Suppose 0 = -f - 4*f + 580. Suppose 0 = -8*q + 3*q + 3*o + 317, 324 = 5*q + 4*o. Let s be (q - 35)*(0 + 2 - 1). Calculate the highest common factor of f and s.
29
Let d = 35 + -17. Let l be 4*(-3)/d*(-60)/(-8). Let s(w) = w**3 + 7*w**2 - 2*w - 4. Let u be s(l). Calculate the greatest common factor of 84 and u.
28
Let i = 147 - 141. Suppose -26 = -4*g + i. Calculate the greatest common divisor of g and 232.
8
Let g(b) = 12*b + 3000. Let a be g(-33). Calculate the greatest common divisor of 42 and a.
42
Suppose l = 2*i - 10 - 0, 3*l = 3*i - 21. Suppose y - 68 = -i*y. Suppose 5*h = 80 + 5. Calculate the highest common factor of h and y.
17
Let j be 12 + -3 - (-1)/(2/(-12)). Calculate the highest common divisor of j and 1068.
3
Let k(a) = 17*a + 369. Let n be k(57). Calculate the greatest common factor of 6 and n.
6
Let j be (15/(-18)*-3)/((-5)/(-10)). Suppose -5*w = j*a - 720, 4*w - 4*a = -2*a + 576. What is the highest common factor of 108 and w?
36
Let n = 3766 + -3418. What is the greatest common factor of n and 5307?
87
Suppose k + 5*o = -1, 2*k - o = -k + 77. Let t = -1393 - -1417. Calculate the highest common factor of k and t.
24
Let j(l) be the first derivative of 5*l**2/2 + 2*l + 16. Let g be j(1). Suppose 0 = 2*k - 5*k + 168. Calculate the greatest common factor of g and k.
7
Let n be (-5 - 60/(-8))/((-1)/(-2)). Suppose 31 = 2*d + n*j, -d = -5*j + 3*j + 7. Let o be (2 - (-11)/5)/(d/15). What is the greatest common factor of o and 42?
21
Let m(q) = 86*q - 154. Let k be m(5). Let p = k - 234. Calculate the greatest common factor of p and 114.
6
Let d = 35 - 20. Suppose 3*r + x - 19 = d, 3*x - 58 = -5*r. Let a = r - -5. What is the highest common divisor of a and 16?
16
Let c be 2/4 + 495/(-30). Let t be ((-15)/(-10))/((-12)/c). Let d = 791 + -775. What is the highest common factor of d and t?
2
Let f(j) = 39*j + 382. Let i be f(23). Suppose -1271*k + i*k = 248. Calculate the greatest common divisor of k and 31.
31
Let y = 25920 - 25000. Calculate the highest common divisor of y and 2116.
92
Suppose -2*d + 3 = -76*g + 71*g, -5*d = 4*g - 24. Let z = -5 + 11. What is the greatest common factor of d and z?
2
Let w = -108 + 122. Suppose 0 = -w*s + 70 - 14. Calculate the highest common divisor of 10 and s.
2
Let r be (6*25/(-40))/((-9)/(-120)). Let d be 44 + r - (0 - 13). What is the greatest common factor of d and 119?
7
Let v(o) = 2*o + 119. Let n be v(17). What is the greatest common factor of 867 and n?
51
Let m = -1837 - -1838. Calculate the greatest common factor of m and 337.
1
Suppose 758 = -2*u + 8*y - 4*y, 0 = -2*u - 2*y - 734. Let l = 390 + u. Calculate the greatest common factor of 437 and l.
19
Let t = 325 + -321. Suppose 3*r - 383 + 117 = -t*l, 0 = 3*r - 6. What is the highest common factor of l and 195?
65
Let g = 47 - 39. Suppose 0 = -5*u + 4*o + g, 2*u - o = 9 - 4. Suppose u*b = 5*b - 15. What is the greatest common factor of 165 and b?
15
Suppose -116*w + 37*w + 6360 = 1620. Let m = -93 - -37. Let r = m + w. What is the highest common factor of 8 and r?
4
Let j be ((3 - 296/72) + (-1)/(-9))*-75. Calculate the highest common divisor of 100 and j.
25
Suppose -5*m - 12 = -72. Let h(p) = p**3 + 7*p**2 - 11*p + 7. Let z be h(-9). Let a = -52 - z. Calculate the greatest common divisor of a and m.
4
Let d = -13585 + 16701. What is the highest common factor of 820 and d?
164
Let x = 55 + 13. Let w = x - -37. Let r(k) = 4*k + 105. Let o be r(-21). What is the greatest common factor of w and o?
21
Suppose -3920 + 14696 = 8*x. Suppose -x = -9*f + 1785. Calculate the highest common divisor of f and 12.
12
Let o be (-852)/2840 - 82686/(-20). Calculate the greatest common divisor of o and 78.
78
Let k = -274 + 316. Let a be 80/42 - 2 - (-676)/k. Calculate the greatest common factor of a and 112.
16
Suppose -88 = -5*t - 2*l + 10, -5*t = -2*l - 62. Let d be 160/6*(2 - -1). What is the greatest common divisor of t and d?
16
Suppose 103 = -7*b + 383. Suppose 4*x + 5*d - 208 = 0, -x - d - 52 = -2*x. Let j = 57 - x. Calculate the greatest common divisor of b and j.
5
Let d(f) = -f**3 + f**2 - f. Let z(r) = 16*r**2 - 8*r - 18. Let h(c) = d(c) + z(c). Let t be h(12). Calculate the highest common factor of 18 and t.
18
Suppose 56*q - 3603 - 4517 = 0. Calculate the greatest common factor of 87 and q.
29
Let b = 4919 - 4868. What is the highest common factor of 272 and b?
17
Suppose 2*h - 2309 = -3*t + 383, 0 = 4*t - 2*h - 3566. What is the highest common divisor of 12 and t?
6
Suppose 238*y - 4200 = 232*y. Let o = 381 + y. What is the highest common divisor of o and 47?
47
Let m = -304 - -484. Let v be (m/14)/(10 - (-138)/(-14)). What is the greatest common factor of v and 450?
90
Let q be -3 + 210 + (-1)/(-1). Let n = 157528 + -157476. Calculate the highest common divisor of q and n.
52
Let s = 4662 - 4410. Calculate the highest common divisor of s and 1827.
63
Let a = 441 + -441. Suppose -2*y = 8, 2*h + 3*y - 54 = -a*h. What is the greatest common factor of h and 55?
11
Suppose 2*n = -5*f + 117, 4*f + 95 - 5 = 2*n. Let x = -26 - -485. Calculate the highest common divisor of n and x.
51
Let s(z) = -6*z - 78. Let r(x) = -6*x - 79. Let f(g) = 4*r(g) - 5*s(g). Let t be f(-4). Calculate the highest common divisor of t and 275.
25
Suppose 0*d = -2*d + 5*w - 483, 0 = -4*d + 4*w - 996. Let s = -230 - d. Calculate the highest common divisor of s and 60.
12
Suppose -4*h + m = -0*m + 623, 4*h - 3*m + 621 = 0. Let r = h + 190. What is the highest common divisor of r and 17?
17
Let p be ((-2)/16)/(128/(-31744)). Calculate the greatest common factor of p and 2759.
31
Suppose -104*p + 198957 = 178*p + 55701. What is the greatest common divisor of 889 and p?
127
Suppose 3*j - 3*q = 5*j + 591, j + 294 = -3*q. Let w = j + 423. Let n be ((-2)/(-5))/(2/70). Calculate the highest common factor of n and w.
14
Let l = 53 + -19. Suppose -13*i = 5*o - 15*i - 163, 0 = 3*o - i - 97. Let v = l - o. Calculate the greatest common divisor of v and 2.
1
Suppose 39*g + 648 = 5*l, 8*g = -l + 10*g + 147. What is the highest common factor of 578 and l?
17
Let i be (-80)/(-15)*(-237)/4. Let x be -3 + i*(-3)/6. What is the greatest common factor of x and 5?
5
Suppose 20*w = 16*w + 8*w - 272. What is the highest common divisor of w and 731?
17
Let l(z) = 12*z - 75. Let s be l(15). Let f = 153 - s. What is the highest common divisor o